nds digit of 42478632?
7
What is the units digit of 300572375?
5
What is the thousands digit of 847778271?
8
What is the ten millions digit of 93103745?
9
What is the billions digit of 2079333203?
2
What is the millions digit of 9812625?
9
What is the tens digit of 595185265?
6
What is the ten thousands digit of 2460552569?
5
What is the thousands digit of 59053861?
3
What is the ten millions digit of 61579846?
6
What is the ten thousands digit of 62657818?
5
What is the ten thousands digit of 3262456541?
5
What is the millions digit of 1936721281?
6
What is the millions digit of 5740471158?
0
What is the tens digit of 113706951?
5
What is the ten thousands digit of 137396005?
9
What is the ten thousands digit of 133764500?
6
What is the billions digit of 2899228811?
2
What is the millions digit of 19421728?
9
What is the units digit of 24520865?
5
What is the thousands digit of 516947269?
7
What is the hundreds digit of 139315009?
0
What is the thousands digit of 23734930?
4
What is the hundreds digit of 85261116?
1
What is the units digit of 383448506?
6
What is the billions digit of 1695699027?
1
What is the ten thousands digit of 1110861132?
6
What is the hundred millions digit of 670209192?
6
What is the millions digit of 161213143?
1
What is the tens digit of 583438943?
4
What is the hundred millions digit of 381093054?
3
What is the hundreds digit of 75725401?
4
What is the hundreds digit of 21995369?
3
What is the tens digit of 852127034?
3
What is the hundred thousands digit of 5013926801?
9
What is the millions digit of 1944315234?
4
What is the hundred thousands digit of 23909593?
9
What is the ten thousands digit of 292324018?
2
What is the tens digit of 39052637?
3
What is the ten thousands digit of 8314365703?
6
What is the billions digit of 1335684466?
1
What is the millions digit of 96107369?
6
What is the ten thousands digit of 354001018?
0
What is the tens digit of 4393372822?
2
What is the ten millions digit of 61629227?
6
What is the units digit of 207996559?
9
What is the hundred thousands digit of 1699740923?
7
What is the hundreds digit of 1990469121?
1
What is the ten millions digit of 70118309?
7
What is the tens digit of 1401330854?
5
What is the hundred millions digit of 172021867?
1
What is the units digit of 2849281462?
2
What is the hundreds digit of 404167497?
4
What is the tens digit of 18989392?
9
What is the units digit of 980410272?
2
What is the ten millions digit of 41037605?
4
What is the hundred thousands digit of 1571858452?
8
What is the thousands digit of 58845607?
5
What is the units digit of 27175665?
5
What is the tens digit of 21784176?
7
What is the hundreds digit of 215063346?
3
What is the hundred thousands digit of 288694548?
6
What is the ten thousands digit of 2256687925?
8
What is the hundred thousands digit of 9145386?
1
What is the tens digit of 656534655?
5
What is the hundreds digit of 1211009907?
9
What is the billions digit of 3324129159?
3
What is the thousands digit of 1121120318?
0
What is the tens digit of 96639542?
4
What is the tens digit of 3543145658?
5
What is the hundred thousands digit of 484774349?
7
What is the ten thousands digit of 680543317?
4
What is the hundred thousands digit of 895648270?
6
What is the tens digit of 98031339?
3
What is the units digit of 13994977?
7
What is the thousands digit of 243379694?
9
What is the hundred thousands digit of 79181459?
1
What is the millions digit of 26878498?
6
What is the hundred millions digit of 183562347?
1
What is the units digit of 401708611?
1
What is the tens digit of 20992221?
2
What is the units digit of 554292?
2
What is the thousands digit of 21912705?
2
What is the hundred thousands digit of 1456164111?
1
What is the ten thousands digit of 152480405?
8
What is the millions digit of 57490413?
7
What is the hundreds digit of 931185357?
3
What is the hundred thousands digit of 1116484321?
4
What is the thousands digit of 66640945?
0
What is the hundred thousands digit of 4406991941?
9
What is the ten thousands digit of 106415700?
1
What is the ten thousands digit of 139776485?
7
What is the hundred thousands digit of 50640711?
6
What is the units digit of 40187682?
2
What is the millions digit of 110685099?
0
What is the hundred thousands digit of 1761644934?
6
What is the millions digit of 64949642?
4
What is the billions digit of 1280088813?
1
What is the hundred thousands digit of 856960483?
9
What is the ten millions digit of 82423526?
8
What is the millions digit of 7413424849?
3
What is the tens digit of 810693423?
2
What is the ten thousands digit of 52202393?
0
What is the ten thousands digit of 169755372?
5
What is the thousands digit of 416541628?
1
What is the thousands digit of 169953730?
3
What is the thousands digit of 1234064556?
4
What is the units digit of 1673147137?
7
What is the ten millions digit of 2938330971?
3
What is the thousands digit of 1098819810?
9
What is the hundreds digit of 14703526?
5
What is the hundreds digit of 182206692?
6
What is the hundred thousands digit of 274207004?
2
What is the hundred thousands digit of 268217913?
2
What is the millions digit of 17812955?
7
What is the ten thousands digit of 61303702?
0
What is the ten thousands digit of 2162750447?
5
What is the millions digit of 10117205?
0
What is the hundreds digit of 82099076?
0
What is the ten thousands digit of 2458402936?
0
What is the ten millions digit of 63555554?
6
What is the units digit of 1366641131?
1
What is the thousands digit of 288911329?
1
What is the ten thousands digit of 450709448?
0
What is the thousands digit of 3136926743?
6
What is the hundred millions digit of 853838671?
8
What is the hundreds digit of 520448244?
2
What is the ten thousands digit of 75428419?
2
What is the units digit of 32942634?
4
What is the hundred millions digit of 234757771?
2
What is the ten millions digit of 1355992934?
5
What is the thousands digit of 111523681?
3
What is the thousands digit of 61377663?
7
What is the units digit of 1069302285?
5
What is the thousands digit of 237847103?
7
What is the thousands digit of 463750135?
0
What is the hundreds digit of 2257535700?
7
What is the hundreds digit of 222380611?
6
What is the hundreds digit of 194032213?
2
What is the units digit of 188758460?
0
What is the ten millions digit of 1297508882?
9
What is the hundred thousands digit of 49549957?
5
What is the tens digit of 34928531?
3
What is the ten millions digit of 300850685?
0
What is the units digit of 34102641?
1
What is the units digit of 31360220?
0
What is the tens digit of 76195585?
8
What is the thousands digit of 153634800?
4
What is the hundred thousands digit of 421092623?
0
What is the tens digit of 3624077?
7
What is the billions digit of 1235730639?
1
What is the millions digit of 49981928?
9
What is the hundred millions digit of 396931261?
3
What is the hundred thousands digit of 1587283065?
2
What is the millions digit of 70833962?
0
What is the tens digit of 43700215?
1
What is the thousands digit of 8744268?
4
What is the ten thousands digit of 73187628?
8
What is the thousands digit of 530979842?
9
What is the hundred thousands digit of 1307781358?
7
What is the units digit of 3262574873?
3
What is the ten millions digit of 3010893101?
1
What is the millions digit of 1407196083?
7
What is the millions digit of 127294466?
7
What is the ten millions digit of 3228513758?
2
What is the ten thousands digit of 307591814?
9
What is the thousands digit of 139832035?
2
What is the thousands digit of 311069612?
9
What is the hundreds digit of 110307672?
6
What is the ten thousands digit of 6505767363?
6
What is the ten millions digit of 42556723?
4
What is the tens digit of 64457324?
2
What is the ten thousands digit of 122249082?
4
What is the units digit of 474134626?
6
What is the tens digit of 378503976?
7
What is the tens digit of 193854826?
2
What is the tens digit of 30237477?
7
What is the hundred millions digit of 944044437?
9
What is the ten thousands digit of 1300525130?
2
What is the units digit of 630158649?
9
What is the ten millions digit of 375003631?
7
What is the thousands digit of 559714111?
4
What is the tens digit of 89695154?
5
What is the hundred millions digit of 984536735?
9
